80664.
2, 7, 113, 313
What are the prime factors of 489161?
489161
List the prime factors of 213115.
5, 7, 6089
List the prime factors of 1628546.
2, 239, 3407
List the prime factors of 5365525.
5, 11, 109, 179
List the prime factors of 736078.
2, 7, 29, 37
List the prime factors of 496953.
3, 55217
What are the prime factors of 10418945?
5, 31, 67219
What are the prime factors of 33592?
2, 13, 17, 19
List the prime factors of 2590594.
2, 1295297
List the prime factors of 286262.
2, 41, 3491
What are the prime factors of 10628446?
2, 349, 15227
List the prime factors of 1832561.
1832561
What are the prime factors of 687747?
3, 229249
List the prime factors of 2681355.
3, 5, 178757
What are the prime factors of 5866689?
3, 83, 23561
List the prime factors of 14227098.
2, 3, 2371183
What are the prime factors of 5580937?
433, 12889
List the prime factors of 366945.
3, 5, 17, 1439
List the prime factors of 24769612.
2, 7, 17, 3061
What are the prime factors of 269545?
5, 31, 37, 47
List the prime factors of 12859886.
2, 13, 38047
List the prime factors of 2435849.
13, 187373
What are the prime factors of 352397?
53, 61, 109
What are the prime factors of 252390?
2, 3, 5, 47, 179
List the prime factors of 1629178.
2, 17, 47917
What are the prime factors of 21812408?
2, 29, 149, 631
List the prime factors of 3324891.
3, 929, 1193
What are the prime factors of 21427472?
2, 11, 211, 577
List the prime factors of 182248.
2, 11, 19, 109
What are the prime factors of 10033343?
971, 10333
List the prime factors of 11366007.
3, 3788669
What are the prime factors of 15903532?
2, 19, 209257
List the prime factors of 1502965.
5, 300593
List the prime factors of 129396.
2, 3, 41, 263
What are the prime factors of 41476?
2, 10369
List the prime factors of 304500.
2, 3, 5, 7, 29
List the prime factors of 1556052.
2, 3, 129671
What are the prime factors of 647006?
2, 101, 3203
List the prime factors of 6290457.
3, 859, 2441
List the prime factors of 260716.
2, 65179
List the prime factors of 702626.
2, 79, 4447
List the prime factors of 1203104.
2, 7, 41, 131
What are the prime factors of 67998?
2, 3, 7, 1619
List the prime factors of 147915.
3, 5, 19, 173
What are the prime factors of 1172692?
2, 293173
What are the prime factors of 1331542?
2, 17, 39163
List the prime factors of 352285.
5, 70457
What are the prime factors of 1111146?
2, 3, 109, 1699
List the prime factors of 740638.
2, 547, 677
What are the prime factors of 3020276?
2, 7, 107867
What are the prime factors of 631692?
2, 3, 5849
What are the prime factors of 121843?
121843
List the prime factors of 575181.
3, 263
What are the prime factors of 19134958?
2, 181, 52859
List the prime factors of 7870317.
3, 7, 13, 127, 227
What are the prime factors of 200077?
23, 8699
List the prime factors of 1104531.
3, 557, 661
List the prime factors of 1581316.
2, 11, 83, 433
What are the prime factors of 5776043?
7, 13, 63473
List the prime factors of 13145268.
2, 3, 1095439
List the prime factors of 11187231.
3, 11, 263, 1289
List the prime factors of 125838.
2, 3, 6991
What are the prime factors of 3391574?
2, 647, 2621
What are the prime factors of 6600244?
2, 7, 235723
What are the prime factors of 795?
3, 5, 53
What are the prime factors of 3622600?
2, 5, 59, 307
List the prime factors of 8568965.
5, 67, 25579
List the prime factors of 89278.
2, 7, 911
What are the prime factors of 653744?
2, 7, 13, 449
List the prime factors of 2838534.
2, 3, 473089
List the prime factors of 735129.
3, 19, 1433
What are the prime factors of 521252?
2, 151, 863
List the prime factors of 736636.
2, 61, 3019
List the prime factors of 3580899.
3, 7, 41, 4159
What are the prime factors of 4457758?
2, 61, 599
List the prime factors of 1501280.
2, 5, 11, 853
List the prime factors of 31297359.
3, 1579, 6607
What are the prime factors of 2458452?
2, 3, 204871
List the prime factors of 31334643.
3, 71, 49037
List the prime factors of 1089129.
3, 363043
What are the prime factors of 2087335?
5, 229, 1823
What are the prime factors of 2241443?
2241443
What are the prime factors of 6028031?
6028031
List the prime factors of 560124.
2, 3, 15559
What are the prime factors of 9764534?
2, 13, 375559
What are the prime factors of 216403?
11, 103, 191
What are the prime factors of 319683?
3, 7, 13, 1171
List the prime factors of 82142.
2, 67, 613
What are the prime factors of 14024290?
2, 5, 7, 28621
What are the prime factors of 6447107?
23, 59, 4751
What are the prime factors of 454161?
3, 47, 3221
List the prime factors of 12338586.
2, 3, 13, 67, 787
What are the prime factors of 5286463?
7, 13, 43, 193
List the prime factors of 776761.
631, 1231
What are the prime factors of 5553?
3, 617
List the prime factors of 15783865.
5, 23, 137251
What are the prime factors of 18246790?
2, 5, 1824679
List the prime factors of 1389196.
2, 347299
What are the prime factors of 51301?
29, 61
What are the prime factors of 3032345?
5, 283, 2143
What are the prime factors of 20776485?
3, 5, 1385099
What are the prime factors of 49498?
2, 24749
List the prime factors of 401743.
401743
List the prime factors of 257026.
2, 7, 11, 1669
What are the prime factors of 161697?
3, 53899
What are the prime factors of 1052137?
1052137
List the prime factors of 3697897.
7, 31, 17041
List the prime factors of 402177.
3, 134059
List the prime factors of 446882.
2, 223441
List the prime factors of 94598.
2, 7, 29, 233
What are the prime factors of 63373?
127, 499
What are the prime factors of 123933?
3, 109, 379
What are the prime factors of 1566344?
2, 13, 15061
What are the prime factors of 14606156?
2, 3651539
List the prime factors of 160462.
2, 80231
List the prime factors of 8030976.
2, 3, 10457
List the prime factors of 1757177.
19, 23, 4021
List the prime factors of 312273.
3, 13, 17, 157
What are the prime factors of 414137?
17, 1433
List the prime factors of 22607338.
2, 13, 229, 3797
List the prime factors of 6862896.
2, 3, 47659
What are the prime factors of 12158055?
3, 5, 7, 13, 2969
List the prime factors of 5341903.
7, 487, 1567
What are the prime factors of 6532100?
2, 5, 83, 787
List the prime factors of 342337.
342337
What are the prime factors of 11757864?
2, 3, 489911
List the prime factors of 13795.
5, 31, 89
What are the prime factors of 522145?
5, 13, 29, 277
What are the prime factors of 118254?
2, 3, 19709
What are the prime factors of 1702719?
3, 277, 683
List the prime factors of 1257679.
151, 8329
What are the prime factors of 233467?
13, 17959
What are the prime factors of 549548?
2, 137387
What are the prime factors of 18859956?
2, 3, 1571663
List the prime factors of 3681095.
5, 11, 17, 31, 127
What are the prime factors of 191016?
2, 3, 7, 379
List the prime factors of 973485.
3, 5, 7211
What are the prime factors of 17313508?
2, 61, 70957
What are the prime factors of 218411?
37, 5903
List the prime factors of 76400.
2, 5, 191
What are the prime factors of 1056?
2, 3, 11
List the prime factors of 8718383.
797, 10939
List the prime factors of 196797.
3, 65599
What are the prime factors of 25972659?
3, 227, 12713
What are the prime factors of 792390?
2, 3, 5, 61, 433
List the prime factors of 565772.
2, 141443
List the prime factors of 4774975.
5, 389, 491
List the prime factors of 370229.
431, 859
List the prime factors of 120537.
3, 59, 227
List the prime factors of 275525.
5, 103, 107
List the prime factors of 641263.
7, 23, 569
List the prime factors of 310810.
2, 5, 31081
List the prime factors of 11764418.
2, 313, 18793
List the prime factors of 335517.
3, 7, 13, 1229
List the prime factors of 10463768.
2, 7, 59, 3167
What are the prime factors of 258169?
431, 599
List the prime factors of 350304.
2, 3, 41, 89
List the prime factors of 134086.
2, 67043
What are the prime factors of 777363?
3, 259121
What are the prime factors of 169943?
169943
What are the prime factors of 924669?
3, 23, 1489
List the prime factors of 153049.
13, 61, 193
What are the prime factors of 986951?
7, 277, 509
What are the prime factors of 64621?
64621
What are the prime factors of 7835969?
251, 31219
List the prime factors of 188227.
13, 14479
What are the prime factors of 4467041?
4467041
What are the prime factors of 326213?
17, 31, 619
What are 